{"version":"1.0","provider_name":"Festival Film a architektura","provider_url":"https:\/\/filmarchitektura.cz\/en\/","author_name":"Mark\u00e9ta Van\u011b\u010dkov\u00e1","author_url":"https:\/\/filmarchitektura.cz\/en\/author\/marketa\/","title":"Mi abuela &#8212; Festival Film a architektura","type":"rich","width":600,"height":338,"html":"<blockquote class=\"wp-embedded-content\" data-secret=\"ruQ0DmVjr7\"><a href=\"https:\/\/filmarchitektura.cz\/en\/program\/mi-abuela\/\">Mi abuela<\/a><\/blockquote><iframe sandbox=\"allow-scripts\" security=\"restricted\" src=\"https:\/\/filmarchitektura.cz\/en\/program\/mi-abuela\/embed\/#?secret=ruQ0DmVjr7\" width=\"600\" height=\"338\" title=\"&#8220;Mi abuela&#8221; &#8212; Festival Film a architektura\" data-secret=\"ruQ0DmVjr7\" frameborder=\"0\" marginwidth=\"0\" marginheight=\"0\" scrolling=\"no\" class=\"wp-embedded-content\"><\/iframe><script type=\"text\/javascript\">\n\/* <![CDATA[ *\/\n\/*! This file is auto-generated *\/\n!function(d,l){\"use strict\";l.querySelector&&d.addEventListener&&\"undefined\"!=typeof URL&&(d.wp=d.wp||{},d.wp.receiveEmbedMessage||(d.wp.receiveEmbedMessage=function(e){var t=e.data;if((t||t.secret||t.message||t.value)&&!\/[^a-zA-Z0-9]\/.test(t.secret)){for(var s,r,n,a=l.querySelectorAll('iframe[data-secret=\"'+t.secret+'\"]'),o=l.querySelectorAll('blockquote[data-secret=\"'+t.secret+'\"]'),c=new RegExp(\"^https?:$\",\"i\"),i=0;i<o.length;i++)o[i].style.display=\"none\";for(i=0;i<a.length;i++)s=a[i],e.source===s.contentWindow&&(s.removeAttribute(\"style\"),\"height\"===t.message?(1e3<(r=parseInt(t.value,10))?r=1e3:~~r<200&&(r=200),s.height=r):\"link\"===t.message&&(r=new URL(s.getAttribute(\"src\")),n=new URL(t.value),c.test(n.protocol))&&n.host===r.host&&l.activeElement===s&&(d.top.location.href=t.value))}},d.addEventListener(\"message\",d.wp.receiveEmbedMessage,!1),l.addEventListener(\"DOMContentLoaded\",function(){for(var e,t,s=l.querySelectorAll(\"iframe.wp-embedded-content\"),r=0;r<s.length;r++)(t=(e=s[r]).getAttribute(\"data-secret\"))||(t=Math.random().toString(36).substring(2,12),e.src+=\"#?secret=\"+t,e.setAttribute(\"data-secret\",t)),e.contentWindow.postMessage({message:\"ready\",secret:t},\"*\")},!1)))}(window,document);\n\/* ]]> *\/\n<\/script>\n","thumbnail_url":"https:\/\/filmarchitektura.cz\/wp-content\/uploads\/2022\/08\/mi-abuela-1-1.jpg","thumbnail_width":1500,"thumbnail_height":844,"description":"Short intimate cinematic portrait is a personal tribute to the author&#8217;s grandmother, the architect Alena \u0160r\u00e1mkov\u00e1 (1929-2022). The 2019 film follows the architect in the new building of the Faculty of Architecture at \u010cVUT, one of her most remarkable designs. Shown in programme with\u00a0First Lady of Czech Architecture"}

Markéta Vaněčková

Short intimate cinematic portrait is a personal tribute to the author&#8217;s grandmother, the architect Alena Šrámková (1929-2022). The 2019 film follows the architect in the new building of the Faculty of Architecture at ČVUT, one of her most remarkable designs. Shown in programme with First Lady of Czech Architecture
